f 93998?
9
What is the units digit of 11491?
1
What is the ten thousands digit of 12072?
1
What is the tens digit of 3444?
4
What is the units digit of 71244?
4
What is the hundreds digit of 596?
5
What is the units digit of 43532?
2
What is the hundreds digit of 15273?
2
What is the hundreds digit of 49640?
6
What is the thousands digit of 2512?
2
What is the units digit of 236?
6
What is the ten thousands digit of 61103?
6
What is the units digit of 2263?
3
What is the thousands digit of 21146?
1
What is the thousands digit of 51313?
1
What is the hundreds digit of 400?
4
What is the units digit of 68111?
1
What is the units digit of 1106?
6
What is the tens digit of 748?
4
What is the tens digit of 43522?
2
What is the thousands digit of 5672?
5
What is the ten thousands digit of 109333?
0
What is the hundreds digit of 21640?
6
What is the ten thousands digit of 91717?
9
What is the units digit of 878?
8
What is the units digit of 1433?
3
What is the thousands digit of 38216?
8
What is the tens digit of 847?
4
What is the units digit of 4259?
9
What is the tens digit of 28532?
3
What is the tens digit of 81351?
5
What is the hundreds digit of 1927?
9
What is the hundreds digit of 12910?
9
What is the tens digit of 619?
1
What is the units digit of 1801?
1
What is the units digit of 83929?
9
What is the hundreds digit of 513?
5
What is the thousands digit of 33144?
3
What is the units digit of 475?
5
What is the hundreds digit of 2761?
7
What is the hundreds digit of 4177?
1
What is the units digit of 1456?
6
What is the hundreds digit of 902?
9
What is the hundreds digit of 238?
2
What is the ten thousands digit of 10587?
1
What is the hundreds digit of 3915?
9
What is the hundreds digit of 22783?
7
What is the tens digit of 4496?
9
What is the hundreds digit of 767?
7
What is the units digit of 2148?
8
What is the hundreds digit of 9413?
4
What is the hundreds digit of 1109?
1
What is the hundreds digit of 984?
9
What is the units digit of 8180?
0
What is the units digit of 4120?
0
What is the thousands digit of 1240?
1
What is the hundreds digit of 78815?
8
What is the hundreds digit of 37610?
6
What is the units digit of 8398?
8
What is the units digit of 976?
6
What is the tens digit of 61112?
1
What is the hundreds digit of 39249?
2
What is the tens digit of 30808?
0
What is the hundred thousands digit of 114314?
1
What is the thousands digit of 11104?
1
What is the ten thousands digit of 13317?
1
What is the ten thousands digit of 58130?
5
What is the units digit of 60591?
1
What is the units digit of 65?
5
What is the tens digit of 5338?
3
What is the units digit of 938?
8
What is the units digit of 2150?
0
What is the units digit of 4113?
3
What is the tens digit of 14516?
1
What is the hundred thousands digit of 113261?
1
What is the hundreds digit of 841?
8
What is the tens digit of 35305?
0
What is the hundreds digit of 6895?
8
What is the units digit of 2966?
6
What is the hundreds digit of 11731?
7
What is the hundreds digit of 214?
2
What is the units digit of 277?
7
What is the hundreds digit of 56907?
9
What is the thousands digit of 2431?
2
What is the units digit of 2272?
2
What is the ten thousands digit of 23763?
2
What is the tens digit of 2212?
1
What is the thousands digit of 2269?
2
What is the units digit of 20899?
9
What is the tens digit of 6397?
9
What is the tens digit of 100?
0
What is the hundreds digit of 18475?
4
What is the tens digit of 109?
0
What is the tens digit of 2153?
5
What is the hundreds digit of 918?
9
What is the ten thousands digit of 50140?
5
What is the units digit of 12526?
6
What is the units digit of 1129?
9
What is the units digit of 63974?
4
What is the thousands digit of 18906?
8
What is the thousands digit of 46402?
6
What is the units digit of 2774?
4
What is the thousands digit of 2107?
2
What is the hundreds digit of 48443?
4
What is the units digit of 3233?
3
What is the units digit of 87526?
6
What is the tens digit of 2433?
3
What is the ten thousands digit of 11576?
1
What is the ten thousands digit of 69086?
6
What is the tens digit of 216?
1
What is the units digit of 4144?
4
What is the units digit of 55145?
5
What is the thousands digit of 1264?
1
What is the units digit of 709?
9
What is the units digit of 18128?
8
What is the hundreds digit of 107?
1
What is the units digit of 18540?
0
What is the hundred thousands digit of 157426?
1
What is the units digit of 15868?
8
What is the units digit of 9271?
1
What is the units digit of 46220?
0
What is the thousands digit of 49523?
9
What is the ten thousands digit of 53285?
5
What is the tens digit of 633?
3
What is the hundreds digit of 2073?
0
What is the ten thousands digit of 103599?
0
What is the tens digit of 61166?
6
What is the hundred thousands digit of 102021?
1
What is the ten thousands digit of 188294?
8
What is the units digit of 63573?
3
What is the hundreds digit of 3276?
2
What is the thousands digit of 1506?
1
What is the ten thousands digit of 133887?
3
What is the hundreds digit of 5922?
9
What is the units digit of 3179?
9
What is the thousands digit of 1375?
1
What is the thousands digit of 27856?
7
What is the hundreds digit of 5381?
3
What is the hundreds digit of 831?
8
What is the tens digit of 1377?
7
What is the units digit of 1644?
4
What is the units digit of 4382?
2
What is the tens digit of 38689?
8
What is the tens digit of 543?
4
What is the tens digit of 121?
2
What is the hundreds digit of 5920?
9
What is the thousands digit of 3512?
3
What is the tens digit of 649?
4
What is the tens digit of 391?
9
What is the thousands digit of 60547?
0
What is the thousands digit of 5843?
5
What is the units digit of 49401?
1
What is the hundreds digit of 79612?
6
What is the hundreds digit of 45534?
5
What is the hundreds digit of 865?
8
What is the units digit of 7556?
6
What is the thousands digit of 3727?
3
What is the units digit of 6674?
4
What is the hundreds digit of 43745?
7
What is the units digit of 1034?
4
What is the hundreds digit of 913?
9
What is the units digit of 1373?
3
What is the thousands digit of 6183?
6
What is the hundreds digit of 9988?
9
What is the hundreds digit of 8724?
7
What is the hundreds digit of 878?
8
What is the units digit of 174?
4
What is the units digit of 34686?
6
What is the tens digit of 1423?
2
What is the units digit of 18082?
2
What is the thousands digit of 3943?
3
What is the tens digit of 607?
0
What is the units digit of 6955?
5
What is the tens digit of 17605?
0
What is the thousands digit of 1669?
1
What is the hundreds digit of 1688?
6
What is the hundreds digit of 682?
6
What is the units digit of 1735?
5
What is the units digit of 2035?
5
What is the tens digit of 7425?
2
What is the thousands digit of 58835?
8
What is the units digit of 15818?
8
What is the thousands digit of 2476?
2
What is the tens digit of 286?
8
What is the tens digit of 3736?
3
What is the thousands digit of 98477?
8
What is the ten thousands digit of 13185?
1
What is the thousands digit of 1386?
1
What is the tens digit of 7513?
1
What is the thousands digit of 2377?
2
What is the units digit of 66253?
3
What is the thousands digit of 4927?
4
What is the tens digit of 1306?
0
What is the thousands digit of 1435?
1
What is the units digit of 2439?
9
What is the tens digit of 17047?
4
What is the tens digit of 1094?
9
What is the units digit of 4611?
1
What is the ten thousands digit of 38485?
3
What is the units digit of 472?
2
What is the tens digit of 728?
2
What is the tens digit of 18478?
7
What is the thousands digit of 128552?
8
What is the thousands digit of 8487?
8
What is the tens digit of 320?
2
What is the hundreds digit of 24104?
1
What is the tens digit of 449?
4
What is the hundreds digit of 42275?
2
What is the tens digit of 2886?
8
What is the hundred thousands digit of 149307?
1
What is the units digit of 15799?
9
What is the hundreds digit of 136?
1
What is the hundreds digit of 40216?
2
What is the tens digit of 9534?
3
What is the thousands digit of 2307?
2
What is the units digit of 4016?
6
What is the units digit of 447?
7
What is the hundreds digit of 118971?
9
What is the tens digit of 1825?
2
What is the tens digit of 18639?
3
What is the tens dig